Let x(s) = 2*s**2 + 2*s - 1. Let c be x(1). Let h(g) = -g**3 + 3*g**2 + 5*g - 3. What are the prime factors of h(c)?
2, 3
Let f(c) = 2*c**2 + c - 2. Let q be f(-2). Suppose -12*u + 24 = -10*u. Let z = u - q. List the prime factors of z.
2
Suppose -2*m - 20 = -o - 5*m, 15 = -o + 4*m. Suppose 18 + 12 = -o*r. Let f = r - -10. What are the prime factors of f?
2
Let u = 2 + -2. Suppose -3*y - 3 = 0, 4*a + u = 2*y + 14. What are the prime factors of a?
3
Let v(s) = -8*s**3 - s**2 + s + 2. List the prime factors of v(-2).
2, 3, 5
Suppose d - 5*d - 8 = 0. Let y(i) = 5*i**2 - 3*i - 1. List the prime factors of y(d).
5
Suppose 0 = -0*v + 2*v - 60. What are the prime factors of ((-4)/(-10))/(3/v)?
2
Suppose 13 = -4*v + 89. Let a = -6 + v. What are the prime factors of a?
13
Let j(t) = -t + 1. Let u be j(-2). Let m = u - -1. List the prime factors of m.
2
What are the prime factors of (0 + -1)/(5/(-55))?
11
Let r(l) = l**2 + 7*l + 4. Let g = 0 + -7. List the prime factors of r(g).
2
Let j(p) = 3*p + 5. Let g be j(5). Suppose -k = k - g. List the prime factors of k.
2, 5
Suppose 8*x + 90 = 4*x - 2*o, 2*o - 70 = 4*x. Let q = -7 - x. What are the prime factors of q?
13
Let f(k) = -k**3 + 10*k**2 - 8*k + 11. Let m be f(8). Suppose -5*p - d = -m, 3*p = 2*p - 4*d + 34. List the prime factors of p.
2, 7
Let g(l) = 2*l + 2. Let i be g(3). Suppose -2*m + 2*c + 1014 = -c, -4*m + 3*c + 2022 = 0. What are the prime factors of m/32 + 2/i?
2
Let u be (-6)/27 - (-400)/18. Let n be u/2 - (2 + -2). Suppose 0 = -0*t - 3*t + f + n, 3*t + 2*f = 14. List the prime factors of t.
2
List the prime factors of ((-318)/(-12) + -5)*2.
43
Let i(w) = -w**3 + 5*w**2 + w. Let j be i(5). Suppose j*u - 43 = 2*x, -2*x - 19 = -u + x. What are the prime factors of u?
7
Let l = -3 + 5. Suppose -3*t + 57 = l*q, -5*q - 3*t + 99 = -q. List the prime factors of q.
3, 7
Let q(z) be the second derivative of -z**3/6 + 14*z**2 - 4*z. Let c be q(0). Suppose 4*o = -2*v - v + c, 0 = -5*v - 2*o + 56. List the prime factors of v.
2, 3
Suppose h = 4*c - 165 - 90, h = -4*c + 257. Let d = c - 37. Let w = d + -19. What are the prime factors of w?
2
Let n = 10 - 3. Suppose o - n = -1. Suppose 0 = 2*b + b - o. What are the prime factors of b?
2
Suppose 0 = -5*z + 2*p + 137, -2*z - p + 120 = 2*z. List the prime factors of z.
29
Let o be 2/4 - (-9)/(-6). List the prime factors of 50/4 - o/(-2).
2, 3
Suppose 0*r = -3*r - 5*j + 95, -105 = -5*r + 5*j. What are the prime factors of r?
5
Let l(d) = d + 8. Let n be l(-6). Suppose -2*w - a = -6*a - 45, -42 = -n*w + 4*a. List the prime factors of w.
3, 5
Let t(w) be the second derivative of -13*w**3/3 + w**2/2 + 6*w. What are the prime factors of t(-1)?
3
Suppose -3*c - 9 = 0, -4*c = -u - 0*c + 29. Suppose 2*z + u = -3*d, 5*d + 12 = 2*d + 3*z. What are the prime factors of (-57)/(-15) - 1/d?
2
Let w be 3 + -2 + 2 + 0. Let h be (1 - 1)/(w - 4). Suppose 4*q + t = 27, 4*q + h*t = t + 37. List the prime factors of q.
2
Let g(v) = v + 4*v - 8*v**2 + 3*v + v**3 - 2. Let z be g(7). List the prime factors of (2/z)/((-4)/(-80)).
2
Let f = -96 - -234. List the prime factors of f.
2, 3, 23
Suppose 3*n - 148 = -2*s, s - 199 = n - 5*n. What are the prime factors of n?
2, 5
Suppose 39 = 2*l - 3. What are the prime factors of l?
3, 7
Let p(j) = -3*j**3 + 8*j**2 + 4*j - 6. Let v(c) = -8*c**3 + 24*c**2 + 12*c - 19. Let y(m) = -11*p(m) + 4*v(m). List the prime factors of y(-7).
11
Let b(s) = -s**2 - 9*s - 1. Let x be b(-8). Suppose 0 = 3*l + x - 28. What are the prime factors of l?
7
Suppose 4*o - 2*a - 696 + 118 = 0, -4*o + 4*a + 584 = 0. What are the prime factors of o?
11, 13
Suppose w = 4*p - 5*p + 5, -2*w = -2*p + 2. Suppose -68 = -p*g - 2*q, -6*g + 64 = -3*g + 4*q. What are the prime factors of g?
2, 3
Suppose -2*h + 68 = -0*h. What are the prime factors of h?
2, 17
Let p = 67 - 25. Suppose 2*v = -0*v + p. What are the prime factors of v?
3, 7
Suppose 9*v - 1168 = 344. What are the prime factors of v?
2, 3, 7
Let g(q) = 2*q**3 - q**2 - 2*q - 1. Let w = -12 + 15. List the prime factors of g(w).
2, 19
Suppose -3*h = -6 + 3. Let s(v) = 4*v + 4. Let c(w) = w - 1. Let f(p) = 4*c(p) + s(p). What are the prime factors of f(h)?
2
Let s = 246 + -156. What are the prime factors of s?
2, 3, 5
Let k(x) = 4*x**3 - 7*x**2 + 3. List the prime factors of k(3).
2, 3
Suppose 4*a = -a - 150. Let p = 66 + a. What are the prime factors of p?
2, 3
Let m(r) = -2*r**3 - r**2 + 1. Let a be m(-1). Suppose 4 = -2*o - b, o = -a*b + 6*b + 7. List the prime factors of 3 + o + (-3)/(-3).
3
Suppose -21 = -5*b + 34. What are the prime factors of b?
11
Suppose 0 = p - 4*y - 260, -819 = -3*p - 5*y + 4*y. List the prime factors of p.
2, 17
Let w = 7 - 4. Let x be ((2 - w) + -2)*-1. Suppose x*y = -o - 1, 0*y + 43 = 5*o - y. What are the prime factors of o?
2
Let f(p) = -p**3 - 7*p**2 + 7*p + 11. Let h be f(-8). Suppose -3*j + 113 = -3*d - 4*j, 0 = -d - 5*j - h. What are the prime factors of 2/(-2 + (-84)/d)?
13
Let f(l) = 5*l + 3. Let h be f(-2). Let c be (0 - 0)/3 + h. Let t = c + 15. List the prime factors of t.
2
Let c = 36 + 12. List the prime factors of c.
2, 3
Suppose -13*z + 12*z = -151. What are the prime factors of z?
151
List the prime factors of (2/4)/(24/16176).
337
Let z = -77 - -118. List the prime factors of z.
41
Suppose -5*v + 46 = 2*q, 3*v - 3*q + 4 = 4*v. Suppose 0 = -3*p + 52 - v. What are the prime factors of p?
2, 7
Let j be (3/(-2))/((-5)/20). Let w be (-34)/(-8) + (-3)/12. List the prime factors of w/j - (-38)/6.
7
Suppose -2*o = -0*o - 170. Suppose -4*v + o = 9. List the prime factors of v.
19
Suppose 0 = -8*q + 12*q - 336. List the prime factors of q.
2, 3, 7
Let a(r) = -r**2 + 8*r - 5. Let z be a(7). Suppose -7*g + 9 = -2*g + 2*t, -4*g + z*t = -18. What are the prime factors of (-81)/(-6) - g/(-6)?
2, 7
Suppose 0 = 2*r + 26 + 50. Let c = r - -56. What are the prime factors of c?
2, 3
Suppose -2*i + 6 = -16. What are the prime factors of i?
11
Let f be (0 + 2)*6/(-4). Let i(m) = -2*m - 2. Let q be i(f). Let r(t) = 3*t - 1. List the prime factors of r(q).
11
Suppose 5*x + 0*x = 0. Suppose 5*p - 2*w - 5 = x, p + 2*w - 13 = -0*w. What are the prime factors of p?
3
Let l = -16 - -30. Let m = l - 4. Suppose 2 = 2*y - m. List the prime factors of y.
2, 3
Suppose -55 - 5419 = -17*a. What are the prime factors of a?
2, 7, 23
Let f(o) = 3*o**2 + 2*o - 10. What are the prime factors of f(-5)?
5, 11
Suppose -15 = -2*j + 23. Let t = j + -9. List the prime factors of t.
2, 5
Suppose -7*f + 5 = -2*f - 4*g, 0 = 2*g + 10. List the prime factors of f/(-12) + (-7)/(-4).
2
Let y(u) be the first derivative of u**4/12 + u**3 - u**2/2 + u + 2. Let p(x) be the first derivative of y(x). What are the prime factors of p(-7)?
2, 3
Let b(q) = -q**3 + 14*q**2 - 13*q. Let t be b(13). Suppose g - 15 = -t*g. What are the prime factors of g?
3, 5
Suppose -190 = -8*p + 58. Suppose -3*l + 36 = -l. Suppose -3*w - 4*z + 2*z = -l, 0 = 2*w - 5*z - p. List the prime factors of w.
2
Suppose -6*s = -s - l - 21, 3*s = 3*l + 15. Let c be ((-10)/s)/(5/(-50)). Suppose 0 = -3*v + 5*k + 57, -2*k = -5*v + c + 51. List the prime factors of v.
2, 7
Let g be 0 - ((-47)/1 - -3). Suppose 3*d = 7*d - g. What are the prime factors of d?
11
Let d = 188 + -60. What are the prime factors of d?
2
Let u be 8/4 - 0/2. Suppose -2*g - u*g + 16 = 0. Suppose -5*b = -5*a + 25, -b - 1 + 21 = g*a. What are the prime factors of a?
5
Suppose -5*r = 2*b - 2096, -2*r + 17*b + 824 = 13*b. What are the prime factors of r?
2, 11, 19
Let a be (4/1 - 1) + -11. Let d be (-7)/(-2) + 4/a. List the prime factors of 3/(-2)*(-4)/d.
2
Let f = -304 + 467. What are the prime factors of f?
163
Suppose -5*j - 19 = 4*w, -w + 42 = -3*w + 4*j. Let q = w - -16. Suppose 2*n - q*s + 3 = 0, 4*n - 12 = 6*s - 2*s. List the prime factors of n.
2, 3
Suppose -27 = -m - t, 2*t + 52 = 2*m + 10. What are the prime factors of m?
2, 3
Let w(h) be the second derivative of h**4/12 + 2*h**3/3 + 3*h**2/2 + 3*h. What are the prime factors of w(-4)?
3
Suppose -14 + 119 = 5*h. What are the prime factors of h?
3, 7
Let j = 161 - 89. Suppose j = 2*q - 3*s, -q - 4*s + 11 = -47. List the prime factors of q.
2, 3, 7
Let a(c) = -c + 12. Let h be a(-6). Suppose w - h = 4*b, 3*w - 4*b - 29 = 17. List the pr